et n(r) = -3*r. Let b be n(1). Let j = b - -6. Suppose -51 = -3*q - g, -j*q + 63 = -g - 2*g. What are the prime factors of q?
2, 3
Let u(n) = -3*n**3 - n**2 + n + 1. Let v be u(-1). Let t(j) = v + 0*j + 0 + 2*j. List the prime factors of t(2).
2, 3
Let a = -15 + 77. Suppose 3*r - a = -2*b, -2*b = b - 4*r - 110. List the prime factors of b.
2, 17
Let s be (-2)/((-4)/6*-3). List the prime factors of 10/(s/(-3)*2).
3, 5
Suppose 0*t = -2*t + 8. Suppose 4*g = a - t, -g + 14 + 18 = -3*a. What are the prime factors of (a/(-10))/((-9)/(-120))?
2
Suppose 396 = -91*d + 97*d. List the prime factors of d.
2, 3, 11
Suppose 5*p - 25 = -z - 4*z, -z + 20 = 4*p. Suppose -8 = -u + 6. Suppose -2*v = -4*q + u, -3*v - 4*q + 18 + 11 = z. What are the prime factors of v?
3
Suppose 2*j + 2*u = 8, 2*j + u = -2*j + 10. Suppose j*v - 23 = 3. Suppose v + 14 = 3*y. List the prime factors of y.
3
Suppose o + 33 = 2*t + 2*t, 4*o = -3*t + 39. What are the prime factors of t?
3
Let f be ((12/9)/(-2))/(2/(-21)). Let u(d) = 2*d - 3. Let y be u(6). Let n = y + f. What are the prime factors of n?
2
Let t = -4 + -2. Let z be (-2)/15*t*-5. What are the prime factors of z*4*-1*1?
2
What are the prime factors of -2 + 1 + 1 - -21?
3, 7
Suppose -c + 2 = -2. Suppose -4*a = -5*q + 68, 3*q + c*a + 14 - 42 = 0. What are the prime factors of q?
2, 3
Let s(c) = 5*c + 0*c - 6 + 0*c - 3*c. Let g be s(4). Suppose 2*w - 2 = g. What are the prime factors of w?
2
List the prime factors of 1*431/11 - (-36)/(-198).
3, 13
Suppose -l + 0*l = 0. Let m be 2 + l + 3 + -3. Suppose -m*t + 8 = -t. What are the prime factors of t?
2
What are the prime factors of (-45)/(-12)*288/27?
2, 5
Let s = 0 - 0. Suppose 2*q - 10 = -s*q. Let j = q - -2. List the prime factors of j.
7
Let c(g) be the second derivative of 3*g**5/40 + g**4/24 + g**3/3 - g. Let v(o) be the second derivative of c(o). List the prime factors of v(1).
2, 5
Suppose 0 = -3*c + 2*c - 3, -3*o + 39 = -4*c. Let a(k) = -k**2 + 11*k - 5. What are the prime factors of a(o)?
13
Let u = 61 + 85. What are the prime factors of u?
2, 73
Suppose -3*b + 44 = -22. Suppose -38 = -3*f + b. What are the prime factors of f?
2, 5
Suppose 4*z = 2*l - 64, -2*l - 3*z + 58 = -4*z. Let m = -5 + -13. Let f = m + l. List the prime factors of f.
2, 5
Let c = -42 - -72. What are the prime factors of c?
2, 3, 5
List the prime factors of -3 - 145/(-45) - (-842)/18.
47
Suppose -3*a - 130 = -4*f, 3*f + a - 105 = -1. What are the prime factors of f?
2, 17
Let j = 109 - 79. List the prime factors of j.
2, 3, 5
Suppose 2*h = 4*u - 19 + 1, 0 = -3*u + 5*h + 17. Suppose -3*b = -32 - u. What are the prime factors of b?
2, 3
Let a(g) = g**3 + 9*g**2 + g + 13. Let k be a(-9). Let l be 1/4 - 53/k. Let x = l - -24. What are the prime factors of x?
11
Let x = 62 - 50. List the prime factors of x.
2, 3
Let d be (-11)/(-2) - 2/(-4). Let i be d/(-4)*(-8)/3. Suppose 5*q + g - 85 = 0, -2*q + 0*g - i*g = -52. What are the prime factors of q?
2
Suppose -105*v + 101*v + 612 = 0. What are the prime factors of v?
3, 17
Suppose 2*f = -f + 5*q + 313, 25 = -5*q. What are the prime factors of f?
2, 3
Suppose 0 = -l + 4. Let v(a) = 0*a**2 - l*a**2 + 3*a**2 + 3. List the prime factors of v(0).
3
Let y = -171 - -262. What are the prime factors of y?
7, 13
Let o(w) be the third derivative of -w**6/120 + w**5/15 + w**4/4 + w**3/2 - 2*w**2. What are the prime factors of o(5)?
2
Let y = -36 - -12. Let a = y + 45. What are the prime factors of a?
3, 7
List the prime factors of 0 - (-31)/1 - 6/(-2).
2, 17
Suppose 0 = 2*t - 6 - 4. Suppose t*s - 57 - 41 = -3*p, -2*s = 3*p - 86. List the prime factors of p.
2, 13
Let j = 7 - 5. Suppose -2*r = -j*n - 5*r + 41, -6 = -2*r. List the prime factors of n.
2
Suppose -5*i + 3*a = -6 - 38, 0 = 3*i - 3*a - 30. Let t = 14 - i. What are the prime factors of t?
7
Let g(n) = -6*n**3 + 1 + 5*n**2 - 7*n**3 - 3*n**2 + 2*n. What are the prime factors of g(-1)?
2, 7
Let s = 10 + -1. Suppose -4*g - 150 = -s*g. What are the prime factors of g?
2, 3, 5
Let k(y) be the third derivative of 0 + 1/12*y**4 + 1/60*y**5 + 0*y - 2*y**2 + 0*y**3. List the prime factors of k(2).
2
Let z = -3 + 31. What are the prime factors of z?
2, 7
Suppose -h - r + 3 = 0, 2*r = 4*h - 3 - 3. Let m(k) = -k**3 + k + 7 + 1 - 7*k**2 + h. What are the prime factors of m(-7)?
3
Suppose -v = 5*l + 3*v - 25, -l + 5 = -2*v. Let a(h) = 3*h - 7. What are the prime factors of a(l)?
2
Suppose 9*a = 4*a + 10. Let v be a + -4 - (-1 + 1). List the prime factors of 1/v + 33/2.
2
Let q(y) = y**3 + 2*y**2 - 4*y + 1. Let l = -2 + -1. Let s be q(l). Suppose s*k - 3*t = 7, -k - 3*t + 21 = 2*k. List the prime factors of k.
2
Suppose 3*z + 2*k = -k, -3*k = z + 4. Suppose 0 = 5*d - 0*d - w - 75, 0 = 2*d + 3*w - 13. Suppose 3*f = -m + d, -6 = z*f + 5*m + 2. List the prime factors of f.
2, 3
Let l(i) = -2*i**2 + 3*i**2 + 0 + 2 + 6*i. Let b be l(-7). Suppose -v - 1 = -4*n + 16, -v - b = -2*n. What are the prime factors of n?
2
Suppose -2*t + 16 - 4 = 0. Let c = -22 + 40. Let l = c - t. What are the prime factors of l?
2, 3
Suppose 2*k - 64 = t + 3*t, -3*t + 22 = k. List the prime factors of k.
2, 7
Suppose -2*d + 2 = 2*b, -3*b = 3*d - b - 2. What are the prime factors of (15/(-12) + d)*-12?
3, 5
Let l(j) = j**3 + 4*j**2 - 2*j - 4. Let y be l(-4). Suppose -d - 1 + y = 0. What are the prime factors of d?
3
Let u be 2 + 18 + 1/1. Let n be (1 + u/9)*3. Suppose 5*h - 35 = -a, -2*a + 0*a = -n. What are the prime factors of h?
2, 3
List the prime factors of (0 - 2)*14*-1.
2, 7
Suppose 2*i - 5*i = -6. Let a = 0 + 3. Suppose 7 = a*f + 4*u, i*u - 10 - 7 = -3*f. What are the prime factors of f?
3
Let j be (-7)/(-9) - (-2)/9. Let d(c) = -j - c - 6 + 5. What are the prime factors of d(-8)?
2, 3
Suppose -2*w + 0*w + 6 = 0. Let k be (1 - -1)*3/w. Suppose -f - 19 = -3*t - 8, 0 = k*t + 3*f - 11. List the prime factors of t.
2
Suppose 235 = 3*x - 404. List the prime factors of x.
3, 71
Let j(n) be the second derivative of -n**4/12 + 3*n**3/2 - 3*n**2/2 + n. List the prime factors of j(7).
11
Let b(k) be the second derivative of 1/2*k**3 - 2*k + 0 - 3*k**2. What are the prime factors of b(5)?
3
Let v(b) = -4*b**3 - 3*b**2 - b - 2. Let m be v(-2). Let d = m + -10. What are the prime factors of d?
2, 5
What are the prime factors of 433/5 - (-2 + 48/30)?
3, 29
Let l(b) = -b**3 + 4*b**2 + 5*b + 7. Let m be l(5). Let p = m - -7. List the prime factors of p.
2, 7
Suppose 5*c + b = 109 - 44, -b = 4*c - 53. List the prime factors of c.
2, 3
What are the prime factors of 2*37 + -21 + 24?
7, 11
Let z(g) = g**3 + 5*g**2 - 4*g. Let p = -4 + 1. List the prime factors of z(p).
2, 3, 5
Let w(a) = -2*a - 1. Let z be w(2). Let y(d) be the first derivative of d**4/4 + 2*d**3 + 5*d**2/2 + 5*d - 2. What are the prime factors of y(z)?
5
Let m(u) = 2*u**2 - 3*u. Let h be m(3). Suppose 0 = -4*c + 8, -23 + h = -4*k - 5*c. List the prime factors of (2 + 1)*3*k.
3
List the prime factors of (-7)/(315/(-8810)) - (-4)/18.
2, 7
Suppose 3*g = 2*f + 6*g - 11, 5*f - 4*g = 16. Suppose 4*a - 205 = -f*t - 33, -4*t + 5*a + 190 = 0. List the prime factors of t.
3, 5
Let m(n) = -n**2 - 9*n + 14. Suppose 0 = -5*x - 41 - 9. Let z be m(x). Suppose z*u = 10 + 2. List the prime factors of u.
3
Suppose -4*g + 3 = -13. Suppose -u + 3*v = 2, u - 20 = -2*u - g*v. What are the prime factors of u?
2
Let i = -33 + 22. Let o = i + 11. List the prime factors of -3 + o + 4 - -1.
2
Let p(w) = -w**3 + 4*w**2 + 5. Let h be p(4). Suppose -h*u - 3 = -13. Suppose 2*r + u*f = 2 + 12, -5*r = 4*f - 34. List the prime factors of r.
2, 3
Suppose 7*x - 4*x + 39 = 0. Let o = -27 - x. What are the prime factors of (4 + o)/(0 - 1)?
2, 5
Let a(v) = v**3 + v**2 + v + 8. Let i be 0/(2/(-6)*-3). List the prime factors of a(i).
2
What are the prime factors of 92/(-10)*(-2 - (-2)/(-4))?
23
Let g = 18 + -12. Suppose -40 = -g*n + n. List the prime factors of n.
2
Let c be 2 - (5 + -1) - -1. Let y(a) = -7*a**3 - 2*a - 1. Let d(n) = 6*n**3 + 2*n + 1. Let t(i) = -4*d(i) - 3*y(i). What are the prime factors of t(c)?
2
Let x(o) = o + 4. Suppose 2*c - c - 3 = 0. Let d be x(c). Let s = d + -3. List the prime factors of s.
2
Let u(a) = -2*a - 4. Suppose -20 - 6 = 2*g. Let p = 6 + g. List the prime factors of u(p).
2, 5
Let o(y) = y**2 + 